e number?
True
Is 66584647 a composite number?
False
Is 168551 prime?
False
Is 3388027 composite?
True
Is 552821831 a composite number?
False
Is 3109187 composite?
False
Is 24103447 prime?
False
Is 4093051 a prime number?
False
Is 980269 a prime number?
False
Is 39309827 composite?
False
Is 6360989 composite?
False
Is 121618349 prime?
True
Is 16538107 a prime number?
False
Is 1709077 a prime number?
True
Is 2221099 prime?
False
Is 8628847 composite?
False
Is 24115759 composite?
False
Is 18119989 a prime number?
False
Is 28301927 prime?
False
Is 40045423 prime?
False
Is 30171737 a prime number?
True
Is 46413461 prime?
True
Is 6596231 prime?
True
Is 209849069 a composite number?
False
Is 3847721 prime?
True
Is 66831221 composite?
True
Is 605459 prime?
False
Is 325301 a prime number?
True
Is 516777587 a prime number?
False
Is 26403761 composite?
False
Is 38899 a composite number?
True
Is 5508737 a composite number?
True
Is 12021199 a composite number?
True
Is 2561129 a composite number?
False
Is 172290889 a prime number?
True
Is 332377 a composite number?
True
Is 282320323 composite?
True
Is 6421435 composite?
True
Is 5929111 a prime number?
False
Is 636469 prime?
True
Is 27856099 composite?
False
Is 42848917 a prime number?
True
Is 34504901 a prime number?
True
Is 18699935 a composite number?
True
Is 29973689 prime?
False
Is 7259381 prime?
False
Is 445316353 a prime number?
True
Is 1199693 prime?
False
Is 83348323 a composite number?
True
Is 169718182 a prime number?
False
Is 25292639 prime?
False
Is 4614527 composite?
True
Is 12713201 prime?
True
Is 2029603 prime?
False
Is 1089997 prime?
False
Is 196453 a composite number?
False
Is 10102997 composite?
True
Is 9299594 prime?
False
Is 4762997 prime?
True
Is 12446353 a prime number?
True
Is 262089881 composite?
False
Is 80514659 prime?
False
Is 159563 a composite number?
False
Is 1349501251 composite?
True
Is 51976201 a prime number?
True
Is 29272603 prime?
False
Is 48642443 a prime number?
True
Is 12966643 a composite number?
False
Is 484411 prime?
True
Is 1482577 composite?
False
Is 5211803 a prime number?
True
Is 433029115 a prime number?
False
Is 17985029 a composite number?
True
Is 49889959 a composite number?
True
Is 4428161 a composite number?
False
Is 5796983 prime?
False
Is 1443899 prime?
True
Is 113184769 prime?
False
Is 13801091 prime?
True
Is 126208243 composite?
True
Is 116221321 composite?
False
Is 6824047 a composite number?
True
Is 6157427 prime?
True
Is 1076542403 a composite number?
False
Is 65276513 composite?
False
Is 23518307 a composite number?
False
Is 181393 composite?
True
Is 19507289 composite?
True
Is 194899307 a composite number?
False
Is 5048359 composite?
False
Is 129443 prime?
True
Is 31058153 composite?
True
Is 314187701 a prime number?
False
Is 8545703 prime?
False
Is 38385007 composite?
True
Is 272609011 a prime number?
True
Is 322070818 a prime number?
False
Is 3772177 prime?
True
Is 11062679 composite?
True
Is 586849981 a composite number?
False
Is 15487237 a composite number?
False
Is 4974157 a composite number?
False
Is 80289689 a composite number?
True
Is 22314581 a composite number?
True
Is 1197881 composite?
False
Is 15413263 composite?
False
Is 32969823 composite?
True
Is 17471177 a composite number?
False
Is 1697915 a prime number?
False
Is 26338493 a prime number?
True
Is 21600937 a composite number?
False
Is 18968459 a prime number?
False
Is 8536739 a composite number?
False
Is 3566989 prime?
True
Is 669542 prime?
False
Is 8634874 prime?
False
Is 11240311 composite?
True
Is 63749891 a prime number?
False
Is 1521119 composite?
False
Is 5663305 a prime number?
False
Is 13154095 a composite number?
True
Is 2218747 a prime number?
False
Is 19457651 a composite number?
False
Is 82952141 a prime number?
True
Is 8726447 a prime number?
True
Is 15272051 prime?
True
Is 50199781 composite?
False
Is 7625771 a prime number?
True
Is 18646865 prime?
False
Is 851052955 a prime number?
False
Is 12931741 prime?
False
Is 1567999 a composite number?
False
Is 2227187 a prime number?
False
Is 12699781 a composite number?
True
Is 6472757 prime?
True
Is 66045917 composite?
True
Is 2375309 a prime number?
True
Is 16616539 a composite number?
False
Is 5340221 a prime number?
True
Is 104370557 prime?
True
Is 4464443 a prime number?
True
Is 1388293 prime?
True
Is 82385207 composite?
False
Is 316745179 a composite number?
False
Is 929911 a composite number?
True
Is 14635669 a prime number?
False
Is 20310163 prime?
True
Is 53082179 prime?
False
Is 407098319 a prime number?
False
Is 3108667 composite?
True
Is 16747751 a composite number?
False
Is 349123 composite?
True
Is 279419593 composite?
False
Is 59124445 composite?
True
Is 14662311 prime?
False
Is 60493 prime?
True
Is 12107038 a composite number?
True
Is 146062361 composite?
False
Is 68603594 a composite number?
True
Is 133139641 composite?
False
Is 6839149 composite?
False
Is 29927999 prime?
True
Is 233519467 a composite number?
False
Is 6855733 a prime number?
False
Is 26399849 a prime number?
False
Is 7819571 prime?
True
Is 84835319 prime?
True
Is 7964129 a prime number?
True
Is 682429603 composite?
False
Is 14249122 composite?
True
Is 9248431 composite?
False
Is 614191 composite?
True
Is 68047739 prime?
False
Is 6515243 a composite number?
True
Is 15016793 a composite number?
True
Is 43086791 prime?
False
Is 106772719 a composite number?
False
Is 37718711 prime?
True
Is 4182379 composite?
False
Is 823085159 a composite number?
True
Is 147894779 a composite number?
False
Is 58865453 a prime number?
True
Is 137328071 a composite number?
False
Is 161337377 a prime number?
False
Is 4301083 a composite number?
True
Is 93595519 a composite number?
False
Is 109984753 a composite number?
False
Is 805799 a prime number?
True
Is 429263 prime?
False
Is 122371762 prime?
False
Is 56965289 prime?
False
Is 3363979 prime?
True
Is 2553491 a composite number?
False
Is 20017511 a prime number?
False
Is 21478781 composite?
False
Is 437035 composite?
True
Is 1639597 prime?
True
Is 56489687 prime?
False
Is 2609987 a prime number?
False
Is 52738219 a composite number?
False
Is 13628879 composite?
True
Is 19910117 composite?
True
Is 80527907 composite?
False
Is 578988461 prime?
True
Is 27645883 prime?
True
Is 24066227 a prime number?
True
Is 3251839 prime?
True
Is 485685769 prime?
False
Is 9299761 prime?
True
Is 209019067 a composite number?
True
Is 1939559 a prime number?
True
Is 4180649 prime?
False
Is 48915859 a prime number?
True
Is 113303 prime?
False
Is 79688377 prime?
True
Is 2404819 a prime number?
True
Is 6369877 composite?
True
Is 6222149 a composite number?
False
Is 133497391 a prime number?
True
Is 141715517 composite?
False
Is 666013087 prime?
True
Is 841637 a prime number?
True
Is 187349 prime?
True
Is 253165349 a prime number?
True
Is 9721451 a composite number?
False
Is 1299747 composite?
True
Is 28721969 composite?
True
Is 27684439 composite?
False
Is 535150129 a composite number?
True
Is 728879 a prime number?
False
Is 23808937 a composite number?
False
Is 636997 a prime number?
True
Is 27676511 a composite number?
True
Is 91836007 prime?
True
Is 874649411 a composite number?
False
Is 8175421 composite?
True
Is 6122029 a composite number?
False
Is 21034523 a composite number?
True
Is 13118087 composite?
False
Is 3204373 a composite number?
False
Is 61276063 a composite number?
True
Is 7297921 a prime number?
True
Is 148143493 prime?
False
Is 6434843 prime?
True
Is 13035697 composite?
True
Is 67543409 a composite number?
True
Is 64483 a prime number?
True
Is 168055837 composite?
True
Is 23829941 a composite number?
False
Is 11082653 a prime number?
True
Is 290638067 a prime number?
True
Is 17624773 prime?
True
Is 2606073 composite?
True
Is 43649759 composite?
False
Is 5349997 a prime number?
True
Is 17123497 a composite number?
False
Is 136758217 a prime number?
False
Is 929567 a composite number?
True
Is 4797563 a prime number?
True
Is 15237869 a prime number?
False
Is 12224451 a prime number?
False
Is 195517537 prime?
True
Is 187540783 prime?
True
Is 3712983 prime?
False
Is 12352243 prime?
True
Is 314876501 composite?
False
Is 20478527 prime?
False
Is 100567489 a composite number?
True
Is 16086781 composite?
True
Is 789472